h(a) = 5*i(a) + 8*m(a). What is h(19)?
-14
Let u be (-1)/(-5) + 156/20. Suppose -u + 0 = -2*y. Suppose 3*f = f + y*n + 2, -24 = -3*f - n. Let x(s) = s**2 - 7*s + 8. What is x(f)?
8
Let r(g) be the second derivative of g**4/4 - 16*g**3/3 + 29*g**2/2 + 210*g. What is r(10)?
9
Let k(w) = -60519*w + 1 + 30261*w + 30263*w. Determine k(0).
1
Let w(v) = -35*v + 18. Suppose 27*i - 3*k - 6 = 28*i, -4*i + 3*k = -6. Determine w(i).
18
Let o(b) be the second derivative of -b**5/20 - 3*b**4/4 + 4*b**3 + 10*b**2 - 6*b - 191. Give o(-11).
-2
Let b be 1 - 1 - (-5 - -41 - (3 - -4)). Let c(f) = -3*f - 99. Calculate c(b).
-12
Let t = -2488 + 2465. Let r(v) = -v**3 - 23*v**2 - 2*v - 39. Give r(t).
7
Let f(l) = -l**2 + 4*l - 2. Let c be 334/14 + (-23)/(-161). Suppose c = 7*o + 346. Let x = o + 50. Determine f(x).
-2
Let l(o) = o**3 - 8*o**2 + 5*o - 20. Let k(a) = 91*a + 1282. Let i be k(-14). Determine l(i).
20
Let f be (25/3)/(1/3). Let g(a) = 0*a**3 + a**3 + 23*a**2 + a - 2 - f*a**2. Let z = -28058 + 28061. Give g(z).
10
Let u(n) = 335 - 638 + 453 - 5*n - 21*n. What is u(6)?
-6
Let x(o) = -13*o**2 - 15*o. Let p(q) = -3*q**2 - 4*q. Let b(l) = 9*p(l) - 2*x(l). Let r be b(-4). Let w(v) = v**2 - 1 - 4 + 3 - r*v - 5. Calculate w(9).
2
Let n(l) = l + 5. Let u be (0 + 5)*28*6/105. Let t be (5/10 + 0)/((-1)/u). Determine n(t).
1
Let h(a) be the first derivative of 4*a**2 + 3*a - 1. Let c(n) = n**3 + 23*n**2 + 116*n - 137. Let k be c(-14). Give h(k).
27
Let s(q) be the second derivative of q**4/12 + 5*q**3/2 - 17*q**2/2 + 442*q. Calculate s(1).
-1
Let a = 9 + 0. Let f be 1/(-3) + 3/a. Let t(c) = 3*c**2 + 2*c + 3. Let y(z) = 17*z**2 + 11*z + 27. Let j(u) = -6*t(u) + y(u). Determine j(f).
9
Let m(r) = -15 + 9*r**2 + 13 - r + r**3 + 6*r + 10 + 4*r. Determine m(-8).
0
Let s = -8976 + 8969. Let k(y) = -7*y + 3 + 7 - y**2 - 5. Calculate k(s).
5
Suppose -4*b - 3*k + 9 = -b, 0 = -b + 3*k + 11. Suppose 0 = -0*p + p - 2, -5*a = -5*p - b. Let q(w) = 2 - 6 - a*w + 2*w. What is q(4)?
-8
Let t(d) = -30*d - 42*d - 32*d + 1262*d**2 - 1281*d**2 - 13 - d**3 + 34*d. What is t(-14)?
-13
Let p(g) = g**2 - 3. Let i(h) = -h**3 - 10*h**2 - 12*h - 21. Let b be i(-10). Let a = b - 99. Give p(a).
-3
Let j(c) = 5*c - 1. Let h = 102 + -59. Let n = -25 + h. Suppose n*o = 16*o + 2. What is j(o)?
4
Suppose -366*o + 618 = 17*o + 15172. Let b(y) = y**2 + 32*y - 218. Determine b(o).
10
Let t(l) = 2*l**2 - 3*l + 2. Let a be t(2). Let p(q) = 3 + 3*q + 2 - 2 - 1105*q**3 + 1104*q**3 + 3*q**2. What is p(a)?
-1
Let z = -3608 + 3601. Let s(h) = -7*h - 36. Determine s(z).
13
Suppose -24*t + 28*t + 203 = 3*p, 0 = -3*p + 3*t + 201. Let w(z) = 27*z - p*z + 12 + 43*z. What is w(-8)?
-28
Let w(g) = -g**2 - 13*g + 22. Let s be w(-15). Let o = 5 + s. Let u(f) = 1 - 3 + f**2 + 2 - 4*f - 4. Calculate u(o).
17
Let m(f) = 5*f - 7. Let t(q) = -3*q + 5. Let i(h) = -5*m(h) - 7*t(h). Let v be (-1)/(-4) - (-114)/24 - 1. Suppose 35*j = 33*j - v. What is i(j)?
8
Suppose -54*q + 368 - 98 = 0. Let b(a) = a**3 - 2*a**2 + a - 2. Let w be b(2). Let y(x) = 6*x + w - x**2 - x - x + 3. Give y(q).
-2
Let c(h) = h**2 - 42*h + 123. Let n be c(39). Let b(m) = m + 1. Let r(v) = -5*v - 7. Let p(l) = n*b(l) + r(l). Give p(-5).
-6
Let h(p) be the second derivative of -p**5/20 + p**4/4 + 7*p**3/6 - 5*p**2/2 - 2*p. Let b be (-5)/2*(-1976)/1235. Give h(b).
7
Let d = 138 + -122. Suppose -32 = 4*t - i, 0 = 2*t - 3*i + 4*i + d. Let y(k) = k + 12. What is y(t)?
4
Let c be (-4 - (-75)/18)*3*(1 - 31). Let z(s) = 6*s + 89. Give z(c).
-1
Let r(q) = -9*q - 86. Let s(n) = 24*n + 259. Let i(a) = -11*r(a) - 4*s(a). Let k be i(28). Let j(b) = b**3 + 7*b**2 + 4*b + 2. Determine j(k).
14
Let s(n) = -n + 3. Suppose -4*r = -4*c + 1136, -23*c - 5*r = -25*c + 559. Suppose g - 42*g = c. Give s(g).
10
Let j(n) be the first derivative of 1/2*n**2 + 59 - n - n**3. Give j(-2).
-15
Let i(d) = 39*d - 221. Let y(w) = -117*w + 679. Let p(n) = 17*i(n) + 6*y(n). Determine p(8).
5
Let m = 184 + -182. Suppose m*o = -3*o - 4*l, -4*o - l + 11 = 0. Let s(d) be the second derivative of -d**5/20 + d**4/4 + 2*d**3/3 - 9*d. Give s(o).
0
Suppose 6*q + 285 - 345 = 0. Suppose -13*h = -q*h - 5*h. Let z(j) = -j**2 - j - 43. Give z(h).
-43
Suppose 4*v - n = 14 - 2, -3*v + 4*n - 4 = 0. Suppose -2*h + 2 = v*b, 2*b + 8 = -5*h - 3. Let z(p) = p - 13 + 7 + 6*p**2 + 3 + b. Determine z(1).
6
Let n = 125353 - 125363. Let g(y) = -5*y**3 - 10*y**2 + 3*y - 7. Let w(c) = 4*c**3 + 10*c**2 - 2*c + 6. Let z(b) = 3*g(b) + 4*w(b). Calculate z(n).
-7
Let k(v) = -7*v + 40. Let s(d) = -4*d + 21. Suppose -35*l = 11*l + 138. Let h(o) = l*k(o) + 5*s(o). What is h(16)?
1
Let g(b) = 25*b**2 - 11*b + 47. Let m(w) = -73*w**2 + 31*w - 133. Let y(n) = -17*g(n) - 6*m(n). Calculate y(1).
13
Let y(d) be the first derivative of -d**6/20 - d**5/60 + d**4/12 + 99*d**2 + 225. Let v(n) be the second derivative of y(n). What is v(1)?
-5
Let d(m) be the second derivative of -2/3*m**3 + 1/20*m**5 - 1/2*m**4 - 20*m + 1/2*m**2 - 2. What is d(3)?
-38
Let w(y) = -11*y - 175. Let u = 3747 + -3766. Give w(u).
34
Let c(p) = -p + 9. Let k be c(0). Suppose -k = 2*q + q. Let x(a) = -7*a**2 - 5*a. Let y(f) = 31*f**2 + 20*f + 1. Let w(m) = 9*x(m) + 2*y(m). Determine w(q).
8
Let u(t) be the first derivative of t**4/4 + 13*t**3/3 - 9*t**2/2 + 13*t - 3258. What is u(-14)?
-57
Suppose 68 = 4*f + 64. Let g(u) = 2*u**2 - u - 7. Let p(y) = y**2 - y - 1. Let c be ((-2)/3)/(1/6). Let b(i) = c*p(i) + f*g(i). Calculate b(2).
-5
Let y(x) = x**2 + 8*x + 1. Let r = 103 - 97. Suppose -2*w = -2 - r. Suppose q + 11 = f, 3*q + 3*f + 11 = -w. Give y(q).
1
Let j(h) = -8*h**3 - 2*h**2 - 6*h - 5. Let v(u) = -16*u**3 - 3*u**2 - u**2 - 9 - 3455*u + 3444*u. Let c(x) = 7*j(x) - 4*v(x). Give c(-1).
-7
Let h(c) = 2*c**2 + 3*c - 7*c + 4791*c**3 - 4790*c**3 - 10 - 2*c. Calculate h(-4).
-18
Suppose 70 = 4*i + 2*y, -2*y - 92 = 2541*i - 2546*i. Let s(g) = -g**2 + 21*g - 9. What is s(i)?
45
Let v = 227 + -230. Let l(y) = -3*y**3 - 2*y**2 - 3*y + 6. Let n(u) = -2*u**3 - 2*u + 3. Let k(z) = v*l(z) + 5*n(z). Calculate k(6).
-9
Let p(x) = -12*x - 32. Let f(c) = 26*c - 33. Let d(a) = 14*a - 18. Let b(r) = -11*d(r) + 6*f(r). Let i(n) = -5*b(n) - p(n). Calculate i(-15).
2
Suppose 2*m - c + 4 = -5, 0 = 3*m + 5*c - 6. Let o(a) be the first derivative of -a**3/6 - 15*a + 21. Let f(r) be the first derivative of o(r). Give f(m).
3
Let r(y) = -7*y**3 + y**2 - 3*y. Let i(h) = 27*h**3 - 22*h**2 + 11*h + 1. Let t(a) = i(a) + 4*r(a). Give t(-18).
19
Let s(y) = 14 - 19*y + 56*y**2 + 59*y**2 + 32 - 174*y**2 + 60*y**2. Calculate s(14).
-24
Let p = 1472 + -1462. Let m(u) = -u**2 + 2*u + 74. What is m(p)?
-6
Suppose 0 = -5*u - 3*i + 111 - 25, -3*i + 22 = u. Let z(p) = -25 + 3*p + 12 + 3*p - 2*p**2 + u. Give z(4).
-5
Let a(g) be the first derivative of -g**4/6 - g**3/3 + 2*g**2 + 16*g + 8. Let s(x) be the first derivative of a(x). Give s(-5).
-36
Let y(h) = -4*h**2 - 4*h + 5. Let j = -3593 - -3590. Determine y(j).
-19
Let v(l) = -4*l + 9. Let s(y) = -9*y + 19. Let j(m) = -2*s(m) + 5*v(m). Suppose -n + 54 = 4*d, -58 = -4*d - 0*d + n. What is j(d)?
-21
Let z be ((-3)/9)/(8/24). Let l be (4 - 0) + (z - -2). Let u(o) = o**3 + 42 + o - 9 - 18 - 5*o**2 - 14. Calculate u(l).
6
Let j(g) = 7*g - 1. Let d be j(1). Suppose 0 = 3*i - d, -7*u + 4*i + 4 = -3*u. Let w(z) = -36 - 2*z + 31 + 9 - z. What is w(u)?
-5
Let m(p) = p**3 + 5*p**2 + p - 2. Let u be m(-5). Let v(w) be the first derivative of 2*w - w**2 - 7/3*w**3 - 34 - 1/4*w**4. Give v(u).
16
Let i(r) = r**3 + 13*r**2 + 12*r + 11. Let b(t) be the first derivative of t**4/2 + 14*t**3/3 + 6*t**2 + 12*t - 56. Let g(v) = -2*b(v) + 3*i(v). Give g(12).
9
Suppose v - 2*b - 34 = 0, -2*v + 73 - 26 = 3*b. Let h be -4*(3 + (-7)/v). Let k(f) = f + 9. Calculate k(h).
-2
Let d(t) = -t - 19. Let k(y) = -y + 11. Let a(n) = -4*d(n) - 10*k(n). Determine a(7).
64
Let n(t) = -3*t**3 - 11*t**2 - 17*t. Let j be ((1 + -2)*62/124)/((-1)/(-4)). What is n(j)?
14
Let g(y) = -123 + y + 0*y + 129. Suppose 6*k = 4*k - 5*z + 26, -5*z + 23 = k. Suppose 6*s = k*s. Determine g(s).
6
Let w be 1*(0 + 5) - -9. Suppose 8*i = -w - 18. Let o(v) = -v**3 - 5*v**2 - 5. What is o(i)?
-21
Let s = 8355 + -8353. Let j(w) be the second derivative of 0 + 1/3*w**3 - 13*w - 1/2*w**s. Give j(1).
1
Let i 